2, 13
Let y be (-2)/(1 - -1)*-2. Suppose 3*h - 4*s - 38 = 0, -2*h + 3*h + 5*s + 19 = 0. Suppose h = y*x - 20. List the prime factors of x.
13
Suppose 2*o = -5*t + o + 749, 2*o + 752 = 5*t. List the prime factors of t.
2, 3, 5
Suppose 4*a = 3*n + 9, -a + 3*n + 6 = 2*a. Suppose a*f + f - 12 = 0. Suppose 4*z = f*z + 27. What are the prime factors of z?
3
Let h(v) = -v**3 - 12*v**2 - 7*v + 14. Let p be h(-11). Let y = p + 53. Let j = -11 + y. List the prime factors of j.
2, 3
Let z(g) = g**2 + 5*g - 6. Let h be z(5). Suppose -7*d + h = -5*d. What are the prime factors of d?
2, 11
Let f = 8 - 22. Let c(t) = t**3 + 14*t**2 + t + 18. Let g be c(f). Suppose g*y - 32 = -3*p + 4*p, 0 = 3*y + 5*p - 1. List the prime factors of y.
7
Suppose -43335 = -93*s + 66*s. List the prime factors of s.
3, 5, 107
Suppose g - 2*d - 10 = 0, 4*d + 16 = 4. Suppose -x + 190 = g*x. Suppose -q + x = q. What are the prime factors of q?
19
Let t(w) = 2*w**2 - 13*w - 1. List the prime factors of t(8).
23
Let l(o) = 4*o - 21. Let h be l(12). List the prime factors of h + 1*(-12)/3.
23
Let b(h) = h**2 - 2*h - 10. Let f be b(5). Suppose -63 = -f*p + 142. List the prime factors of p.
41
Suppose 0 = 8*n - 4*n - 64. Suppose -n*w + 12*w + 20 = 0. List the prime factors of w.
5
Suppose -98*i + 128*i = 14280. List the prime factors of i.
2, 7, 17
Let b = 850 + -434. What are the prime factors of b?
2, 13
Let m be -1*(-3)/(-6)*-6 - 1. Let q(z) = 14*z**3 - z**2 + 4. List the prime factors of q(m).
2, 7
Let b(z) = z**2 + 3*z + 5. Let i be b(-3). Suppose 20 = 4*f + 2*n, -i*n + 2 + 3 = f. What are the prime factors of 148/f + 3/(-5)?
29
Let p be (-47)/3 - (12/(-18))/1. List the prime factors of 38/6*(p + 24).
3, 19
Suppose -j - 3 = -2*j. Suppose 0*s = -j*s. Suppose 0 = -s*q + 2*q - 22. What are the prime factors of q?
11
Suppose p + 86 = 390. What are the prime factors of p?
2, 19
Suppose -858 = -5*x + 82. Suppose -x = -3*f + f. What are the prime factors of 24/(-16) + f/4?
2, 11
Suppose -w = -3*c, -18*w - 2*c + 68 = -13*w. List the prime factors of w.
2, 3
Let d = -230 + 550. List the prime factors of d.
2, 5
Let f(c) = -c + 4 - c**2 + 2*c**2 + 0 - 6. Let u be f(3). Suppose 3*j - u*h + 26 = 147, 2*j + h = 77. What are the prime factors of j?
3, 13
Suppose -14 = -y - 3*q, -3*q + 19 = 3*y - y. Let i(z) be the first derivative of z**3 - 5*z**2/2 - 3*z + 189. List the prime factors of i(y).
47
Let i(o) be the second derivative of o**4/12 - 5*o**3/6 - 7*o**2/2 + o. Let r = 25 - 17. What are the prime factors of i(r)?
17
Let d(f) = 11*f + 7*f + 17*f + 3*f - 9 - 25*f. Let c = 1 - -3. List the prime factors of d(c).
43
List the prime factors of 13396/29 + (-2)/(-29).
2, 3, 7, 11
Let v = -15 - -17. Suppose v*j - 5*d = 160, -j - 3*d + 40 = -40. What are the prime factors of j?
2, 5
Let n = 334 + 1571. What are the prime factors of n?
3, 5, 127
Suppose 0*d - 3*d + 5*v + 162 = 0, 4*v = -5*d + 307. List the prime factors of d.
59
Let h = 25 - -17. Let k = h + 13. Suppose 3*z - k = -3*t + 2*t, 2*z - 40 = t. List the prime factors of z.
19
What are the prime factors of 2784 - (-11 + 7)/(-4)?
11, 23
Let d(b) = -b**2 - 10*b - 5. Let r be d(-7). Let v = -8 - -8. Suppose v = n - r. What are the prime factors of n?
2
Let u(q) = q**2 - 7*q + 9. Let w(f) = -12*f + 4. Let r be w(1). What are the prime factors of u(r)?
3, 43
Let h be ((-3)/(-2))/((-3)/(-10)). Let y(r) = 13*r - 5. Let w be y(h). Suppose 2*c + w = 4*b - 74, 4*b + c = 143. List the prime factors of b.
5, 7
List the prime factors of (42/84)/(-2*(-2)/10440).
3, 5, 29
Let l be 8/10 + (-44)/(-20). Suppose -k = -3*z - 2*k - 16, -l*k = 4*z + 18. Let a(q) = -q**3 - 5*q**2 + q - 7. What are the prime factors of a(z)?
23
Let m = 36 - -6. Suppose 2*y = -2*j + m, -3*j = -y - 34 - 45. What are the prime factors of j?
5
Let f(n) = -n**3 - 4*n**2 - 3*n + 2. Let b(t) = -3*t**2. Let m be b(-1). Let j be f(m). Suppose -j*i = -i - 17. What are the prime factors of i?
17
Let l = 1815 + -956. Suppose x + v - 100 = 116, -4*x + l = -v. List the prime factors of x.
5, 43
Let d(c) = -30*c - 29. List the prime factors of d(-45).
1321
Let w(u) = 22*u - 1. Let i be w(4). Let m = 158 - i. What are the prime factors of m?
71
Let f(a) = -a**2 + 7*a + 16. Let p be f(11). Let v = 61 + p. List the prime factors of v.
3, 11
Let d(g) = -g**3 + g**2 + g - 61. Let h be d(0). Let k = 179 + h. What are the prime factors of k?
2, 59
Let v(k) = -6*k**2 + 42*k + 4. Let m be v(7). What are the prime factors of -2*((-318)/m)/3?
53
Let v(r) = -28*r + 2. Let y be v(-2). What are the prime factors of (y/(-5))/(6/(-15))?
29
Suppose d + 2*d + 9 = 0. Let l(v) be the second derivative of -v**5/20 + v**3/6 - v**2 + 4*v + 8. What are the prime factors of l(d)?
2, 11
Let n be -2 + ((-4)/(-4))/((-2)/(-10)). List the prime factors of 0 + (148*1)/2 + n.
7, 11
Let g(d) = 199*d + 198. What are the prime factors of g(17)?
3581
Suppose -50*z + 18 = -41*z. Suppose 10 = -5*b, -243 = -2*o + o + z*b. List the prime factors of o.
239
Let w(o) = -2*o - 3. Let q be w(-3). Suppose q*m = -2*m + 10. Suppose 64 + 3 = 5*y - l, 20 = m*y + 3*l. List the prime factors of y.
13
Suppose 10*r = 7*r. List the prime factors of (468/91)/((-2)/(-63) - r).
2, 3
Suppose -20*m + 1673 + 1827 = 0. What are the prime factors of m?
5, 7
Suppose -2*x - 24 = -2*g, -5*x + 3*x = 4*g + 48. What are the prime factors of (-388)/x - 1/4?
2, 3
Suppose -4*i - 2*g + 5*g = -34, -5*i + 43 = -4*g. Suppose 2*o - i*o + 405 = 0. List the prime factors of o.
3
Suppose -624*q + 630*q - 1824 = 0. What are the prime factors of q?
2, 19
Let f be (2/4)/((-3)/(-24)). Suppose -f*v - 12 = 0, 41 = 5*r - 4*v - 6. Let j(c) = -c**3 + 8*c**2 - 7*c + 4. List the prime factors of j(r).
2
Let k(f) = -f**2 - 18*f - 12. Let r(g) = -g**2 + 5*g + 9. Let l be r(6). Suppose -5*b + 2*p - l*p = 71, 0 = -b - 3*p - 17. What are the prime factors of k(b)?
2, 11
Let j(p) = p**3 + 11*p**2 + 10*p + 7. Let c be j(-10). Let a = 75 + c. What are the prime factors of a?
2, 41
Let w(m) be the third derivative of 0*m + 4/3*m**3 - 1/120*m**6 + 7/60*m**5 - 1/6*m**4 - 4*m**2 + 0. List the prime factors of w(6).
2, 5
Let n be (10/(-20))/((-1)/8). Let w be n*(-4)/(2 + -6). List the prime factors of (3/w)/(2/64).
2, 3
Suppose -2437 = -4*k + 327. What are the prime factors of k?
691
Suppose 0 = -3*k, -n - 2 = 3*k - 5*k. Let q(c) be the second derivative of -c**5/5 - c**4/4 + c**2/2 + 5*c. What are the prime factors of q(n)?
3, 7
Let m(w) = w**3 + 9*w**2 + 3. Let c be m(-9). Suppose -c*i + 1278 = 6*i. What are the prime factors of i?
2, 71
Suppose 0 = -0*w + 9*w - 18. Let u(a) = 5*a**2 + 3*a - 5. Let r(d) = 26*d**2 + 16*d - 26. Let v(m) = -3*r(m) + 16*u(m). What are the prime factors of v(w)?
2, 3
Suppose w - 3*w = 54. Let m = w - -48. What are the prime factors of m?
3, 7
Suppose 1251 = -5*q + 3986. What are the prime factors of q?
547
Suppose 11*y - 7*y - 560 = 0. What are the prime factors of y?
2, 5, 7
Let h = 52 + 324. List the prime factors of h.
2, 47
Let r = -21 + 25. Suppose 35 = r*a + 7. Suppose -a*o + 80 = -18. List the prime factors of o.
2, 7
Let u(s) = -9*s**2 - 8*s. Let w be u(-7). Let i be 0/3 - w/5. Suppose 5*z - 347 = -i. List the prime factors of z.
2, 3
Suppose -w + 3*g - 26 = 3*w, 2*w + 10 = 3*g. Let d = w + 11. Suppose v + 0*b + 2*b = 27, 4*b = -d*v + 71. What are the prime factors of v?
17
Let c = 391 - -3119. List the prime factors of c.
2, 3, 5, 13
Let g(h) = -h**3 + 4*h + 3. Let t = 18 + -21. Let j be g(t). Suppose -d = 2*d - j. List the prime factors of d.
2, 3
What are the prime factors of ((-63780)/36)/((-5)/6)?
2, 1063
Let f(s) = -120*s**3 + 2*s + 0 - 2 + 4 + 5*s**2 - 6*s**2. What are the prime factors of f(-1)?
7, 17
Suppose 0*h = 2*h - 8, -3*o + 739 = -5*h. Let d = o + -104. List the prime factors of d.
149
List the prime factors of 20/(-90) + (-8220)/(-54).
2, 19
Let h = 713 - 496. What are the prime factors of h?
7, 31
Let t be -1 + (-214)/(-6) + (-30)/45. Let d = 87 - t. What are the prime factors of d?
53
Let s(v) = v**2 - 11*v - 22. Let j(o) = 3*o**2 - 20*o - 45. Let n(u) = 2*j(u) - 5*s(u). Let b be 1 + (-15 + -1 - 0). What are the prime factors of n(b)?
2, 5
Let i(b) = b**3 + 4*b**2 - 6*b + 3. Let u be i(-5). Let d(k) = 4 + 0 + u*k - 8. What are the prime 